ert 6a (base 15) to base 4.
1210
Convert -576 (base 14) to base 12.
-764
991 (base 15) to base 2
100001110001
Convert 101001101 (base 2) to base 16.
14d
What is -1026 (base 9) in base 11?
-625
What is -968 (base 12) in base 3?
-1212222
21c1 (base 15) to base 8
15764
Convert 1213 (base 5) to base 12.
133
What is 1056 (base 7) in base 10?
384
What is -82a3 (base 16) in base 6?
-414455
What is -5212 (base 6) in base 4?
-102020
Convert 675 (base 12) to base 3.
1022022
What is 141 (base 16) in base 6?
1253
-766 (base 9) to base 11
-520
Convert -16240 (base 13) to base 12.
-20471
-1ea (base 15) to base 5
-3240
Convert 1011312 (base 4) to base 10.
4470
Convert 10100122220 (base 3) to base 16.
1022d
b2a9 (base 12) to base 7
110430
-3322 (base 5) to base 7
-1230
17731 (base 10) to base 4
10111003
Convert 446 (base 9) to base 11.
303
What is -1356 (base 7) in base 6?
-2243
What is -287a4 (base 11) in base 4?
-21332323
-2325 (base 6) to base 4
-20231
-23311 (base 6) to base 5
-101410
47a2 (base 11) to base 9
8551
What is 1332 (base 14) in base 7?
12562
Convert 16993 (base 10) to base 16.
4261
Convert -654 (base 10) to base 8.
-1216
What is -102100 (base 3) in base 15?
-156
-1ad1a (base 14) to base 11
-47458
-b02 (base 15) to base 11
-1952
-5275 (base 14) to base 7
-56305
Convert 102211000 (base 3) to base 6.
103513
Convert -14c (base 14) to base 6.
-1120
1424440 (base 5) to base 14
ad07
-329 (base 14) to base 6
-2521
11001001110010 (base 2) to base 13
5b55
What is -3335 (base 9) in base 8?
-4636
Convert -32a4 (base 13) to base 6.
-52411
-661 (base 15) to base 8
-2641
What is -b04 (base 14) in base 4?
-201300
What is 6204 (base 8) in base 16?
c84
What is 70a (base 12) in base 4?
33322
239 (base 12) to base 15
173
What is 1101121100 (base 3) in base 8?
65426
What is -120131 (base 4) in base 6?
-11125
What is b31 (base 12) in base 16?
655
Convert -2039 (base 12) to base 11.
-26a3
-168 (base 12) to base 2
-11100000
-78304 (base 9) to base 14
-14d4a
-11540 (base 6) to base 4
-122310
11126 (base 7) to base 5
42223
Convert -318a (base 12) to base 8.
-12472
Convert -1064 (base 9) to base 2.
-1100010011
What is 1000110101110111 (base 2) in base 14?
d2ab
Convert -555 (base 14) to base 4.
-100133
What is -553 (base 15) in base 2?
-10010110011
Convert 387 (base 12) to base 11.
447
Convert -a10 (base 11) to base 6.
-5353
Convert -144d (base 16) to base 3.
-21010111
What is 19923 (base 11) in base 2?
110110001010110
Convert 405 (base 8) to base 3.
100200
Convert -699 (base 12) to base 2.
-1111010101
Convert 1011001000111110 (base 2) to base 14.
128b4
Convert -1021010 (base 3) to base 11.
-768
Convert 3300113 (base 4) to base 2.
11110000010111
What is fc (base 16) in base 15?
11c
Convert 123130 (base 4) to base 9.
2361
Convert -471 (base 8) to base 10.
-313
Convert -3412 (base 5) to base 2.
-111100010
-12 (base 4) to base 6
-10
What is 1414 (base 5) in base 12?
176
Convert -2404 (base 12) to base 15.
-12e1
Convert b67 (base 12) to base 10.
1663
63445 (base 7) to base 6
200304
What is -945 (base 11) in base 14?
-5b4
-11343 (base 7) to base 2
-101101101010
196 (base 10) to base 6
524
-201012 (base 3) to base 9
-635
Convert -2938 (base 10) to base 5.
-43223
43c6 (base 15) to base 13
66c9
Convert 3cb (base 13) to base 8.
1242
-4409 (base 11) to base 2
-1011010111001
Convert -10 (base 10) to base 15.
-a
What is 1375 (base 8) in base 13?
46b
Convert 31724 (base 8) to base 10.
13268
-17c3 (base 14) to base 9
-5783
What is -10b (base 12) in base 5?
-1110
1212100 (base 3) to base 5
20414
What is 236 (base 14) in base 13?
27b
What is 212120 (base 3) in base 14?
336
Convert -433 (base 6) to base 5.
-1130
103023 (base 5) to base 7
13146
1111001111000 (base 2) to base 15
24a0
What is -396 (base 16) in base 15?
-413
What is 12322 (base 6) in base 11?
1432
-8dd (base 15) to base 10
-2008
-270 (base 9) to base 8
-341
Convert 388 (base 9) to base 6.
1255
Convert 1429 (base 12) to base 2.
100100100001
Convert 1031 (base 4) to base 5.
302
2ca6 (base 16) to base 7
45216
Convert 3782 (base 10) to base 5.
110112
What is 24602 (base 7) in base 5?
201340
What is 11011010 (base 2) in base 7?
431
-1575 (base 9) to base 11
-9a3
What is 102021101 (base 3) in base 8?
20032
What is 4156 (base 13) in base 6?
105444
1000011 (base 2) to base 8
103
Convert 874 (base 10) to base 13.
523
Convert -11000100000 (base 2) to base 8.
-3040
Convert 10011001 (base 2) to base 8.
231
Convert -166153 (base 8) to base 10.
-60523
-2500 (base 16) to base 15
-2c17
Convert -11010010010 (base 2) to base 6.
-11442
Convert -146 (base 10) to base 13.
-b3
26d9 (base 14) to base 3
100101220
What is -12622 (base 7) in base 13?
-1714
What is -35142 (base 7) in base 2?
-10001100100101
2b9 (base 12) to base 11
360
What is 12504 (base 13) in base 8?
102014
Convert 7460 (base 9) to base 10.
5481
Convert -4c1 (base 15) to base 8.
-2071
-2104 (base 6) to base 15
-217
Convert 110105 (base 6) to base 9.
13445
22311 (base 5) to base 10
1581
Convert -155222 (base 7) to base 16.
-77b1
What is -5a9b (base 12) in base 4?
-2133113
-13330 (base 4) to base 8
-774
Convert -1000110111100 (base 2) to base 15.
-152a
What is 1457 (base 10) in base 12?
a15
-1001121022 (base 3) to base 2
-101000101110100
Convert 111202 (base 3) to base 15.
19b
Convert -1063 (base 11) to base 10.
-1400
-865 (base 11) to base 13
-61c
-1101001100000 (base 2) to base 3
-100021002
-2241 (base 11) to base 9
-4036
Convert -1000100111110 (base 2) to base 16.
-113e
1c8 (base 14) to base 16
174
Convert 202 (base 10) to base 9.
244
What is 10b (base 12) in base 7?
311
What is a2a (base 13) in base 11?
132a
299 (base 14) to base 16
20f
What is 1c3 (base 16) in base 15?
201
Convert -4d5b (base 15) to base 8.
-40177
Convert 20101001 (base 3) to base 12.
2831
41311 (base 6) to base 12
3237
What is -32431 (base 5) in base 12?
-1369
Convert 1305 (base 6) to base 8.
511
Convert 42432 (base 5) to base 2.
101100110011
What is -11111 (base 2) in base 3?
-1011
What is -1240 (base 10) in base 3?
-1200221
What is 1134244 (base 5) in base 16?
52cf
Convert -497 (base 12) to base 3.
-221121
-221 (base 12) to base 9
-377
Convert 5803 (base 10) to base 13.
2845
What is -91b2 (base 13) in base 12?
-b75b
What is -222 (base 15) in base 8?
-742
Convert 8bb1 (base 16) to base 4.
20232301
-3d48 (base 15) to base 4
-3030332
-658 (base 11) to base 16
-315
What is -111110000011111 (base 2) in base 16?
-7c1f
7c5 (base 13) to base 9
1753
What is e61 (base 15) in base 14?
1277
-931d (base 14) to base 6
-313103
1002222 (base 3) to base 4
30221
Convert dcb3 (base 14) to base 13.
144c0
Convert -550 (base 6) to base 12.
-156
-1002121111 (base 3) to base 2
-101010001010010
What is 222222 (base 5) in base 6?
100100
-15b2 (base 12) to base 15
-b72
-19b (base 16) to base 2
-110011011
5906 (base 15) to base 4
10213122
Convert 1c75 (base 14) to base 16.
144f
255 (base 15) to base 12
382
1078 (base 13) to base 5
33141
What is 7bcb (base 15) in base 8?
63263
Convert -210 (base 9) to base 2.
-10101011
What is 4353 (base 13) in base 11?
7042
-2b76 (base 13) to base 9
-8635
40013 (base 5) to base 16
9cc
What is -22023 (base 4) in base 11?
-542
12212122 (base 3) to base 2
1000010111011
What is -1b3 (base 14) in base 16?
-161
What is -1171 (base 8) in base 13?
-399
-3723 (base 12) to base 4
-1201023
Convert 16a2 (base 11) to base 5.
32134
Convert 3b (base 14) to base 2.
110101
-17782 (base 9) to base 15
-39a5
1434 (base 8) to base 6
3404
156050 (base 7) to base 13
110b4
What is 30322 (base 5) in base 15?
8ac
What is -11010111 (base 2) in base 3?
-21222
What is 140254 (base 6) in base 8?
31412
What is 4d7 (base 14) in base 15?
44d
What is 1001000000010 (base 2) in base 5?
121420
Convert -11b05 (base 14) to base 10.
-43321
What is -11011001111 (base 2) in base 5?
-23433
What is -3660 (base 9) in base 16?
-aa7
What is 986 (base 13) in base 4?
121133
Convert -28189 (base 12) to base 13.
-1c389
Convert e18 (base 15) to base 10.
3173
Convert -3014 (base 11) to base 8.
-7650
-22020201 (base 3) to base 4
-1131331
22224 (base 5) to base 7
4363
Convert 101011011010 (base 2) to base 5.
42103
Convert 916 (base 12) to base 14.
69c
120c0 (base 13) to base 14
c0d1
Convert -815 (base 13) to base 9.
-1782
Convert -707 (base 11) to base